{"id":3509,"date":"2019-09-02T09:53:42","date_gmt":"2019-09-02T07:53:42","guid":{"rendered":"https:\/\/autate.fr\/site\/?post_type=tribe_events&#038;p=3509"},"modified":"2019-09-02T09:53:42","modified_gmt":"2019-09-02T07:53:42","slug":"manif-velo-bus-et-pietons-prioritaires-sur-le-pont-neuf","status":"publish","type":"tribe_events","link":"https:\/\/autate.fr\/site\/evenement\/manif-velo-bus-et-pietons-prioritaires-sur-le-pont-neuf\/","title":{"rendered":"Manif v\u00e9lo, bus et pi\u00e9tons prioritaires sur le Pont Neuf"},"content":{"rendered":"<p>Nous demandons:<\/p>\n<ul>\n<li>Le Pont Neuf r\u00e9serv\u00e9 aux pi\u00e9tons, cyclistes et transports en commun. Bordeaux vient de le faire avec le Pont de Pierre.<\/li>\n<li>Une augmentation de l&rsquo;espace pi\u00e9ton et cyclable sur l&rsquo;axe Est-Ouest : place Esquirol pi\u00e9tonne, zone de rencontre rue de la r\u00e9publique, un espace apais\u00e9 rue de Metz.<\/li>\n<li>Un acc\u00e8s \u00e0 l&rsquo;hypercentre r\u00e9serv\u00e9 aux riverains et exceptions. Le transit auto\/moto ne doit plus traverser le centre historique.<\/li>\n<li>Une modernisation du plan de circulation du canal. Mettons un terme \u00e0 ce \u00ab\u00a0torrent\u00a0\u00bb de moteurs tournoyant autour de la Halle aux Grains.<\/li>\n<li>La suppression du terminal de bus du Cours Dillon et un r\u00e9seau bus plus adapt\u00e9 : moins de bus grand format, plus de navettes l\u00e9g\u00e8res dans l&rsquo;hypercentre.<\/li>\n<li>Le d\u00e9veloppement des livraisons \u00e0 v\u00e9lo, des v\u00e9lo-taxi.<\/li>\n<li>Que les places Roguet et Saint Cyprien ne soient plus des giratoires 2X3 voies automobiles mais une seule place apais\u00e9e et v\u00e9g\u00e9talis\u00e9e o\u00f9 les pi\u00e9tons prennent plaisir \u00e0 marcher.<\/li>\n<\/ul>\n","protected":false},"excerpt":{"rendered":"<p>Nous demandons: Le Pont Neuf r\u00e9serv\u00e9 aux pi\u00e9tons, cyclistes et transports en commun. Bordeaux vient de le faire avec le Pont de Pierre. Une augmentation de l&rsquo;espace pi\u00e9ton et cyclable sur l&rsquo;axe Est-Ouest : place Esquirol pi\u00e9tonne, zone de rencontre rue de la r\u00e9publique, un espace apais\u00e9 rue de Metz. Un acc\u00e8s \u00e0 l&rsquo;hypercentre r\u00e9serv\u00e9<\/p>\n<p class=\"more-link\"><a href=\"https:\/\/autate.fr\/site\/evenement\/manif-velo-bus-et-pietons-prioritaires-sur-le-pont-neuf\/\" class=\"themebutton2\">VOIR PLUS<\/a><\/p>\n","protected":false},"author":9,"featured_media":0,"template":"","meta":{"_tribe_events_status":"","_tribe_events_status_reason":"","footnotes":""},"tags":[],"tribe_events_cat":[],"class_list":["post-3509","tribe_events","type-tribe_events","status-publish","hentry"],"yoast_head":"<!-- This site is optimized with the Yoast SEO plugin v27.4 - https:\/\/yoast.com\/product\/yoast-seo-wordpress\/ -->\n<title>Manif v\u00e9lo, bus et pi\u00e9tons prioritaires sur le Pont Neuf - AUTATE<\/title>\n<meta name=\"robots\" content=\"index, follow, max-snippet:-1, max-image-preview:large, max-video-preview:-1\" \/>\n<link rel=\"canonical\" href=\"https:\/\/autate.fr\/site\/evenement\/manif-velo-bus-et-pietons-prioritaires-sur-le-pont-neuf\/\" \/>\n<meta property=\"og:locale\" content=\"fr_FR\" \/>\n<meta property=\"og:type\" content=\"article\" \/>\n<meta property=\"og:title\" content=\"Manif v\u00e9lo, bus et pi\u00e9tons prioritaires sur le Pont Neuf - AUTATE\" \/>\n<meta property=\"og:description\" content=\"Nous demandons: Le Pont Neuf r\u00e9serv\u00e9 aux pi\u00e9tons, cyclistes et transports en commun. Bordeaux vient de le faire avec le Pont de Pierre. Une augmentation de l&rsquo;espace pi\u00e9ton et cyclable sur l&rsquo;axe Est-Ouest : place Esquirol pi\u00e9tonne, zone de rencontre rue de la r\u00e9publique, un espace apais\u00e9 rue de Metz. Un acc\u00e8s \u00e0 l&rsquo;hypercentre r\u00e9serv\u00e9VOIR PLUS\" \/>\n<meta property=\"og:url\" content=\"https:\/\/autate.fr\/site\/evenement\/manif-velo-bus-et-pietons-prioritaires-sur-le-pont-neuf\/\" \/>\n<meta property=\"og:site_name\" content=\"AUTATE\" \/>\n<meta property=\"article:publisher\" content=\"https:\/\/www.facebook.com\/AutateToulouse\" \/>\n<meta name=\"twitter:card\" content=\"summary_large_image\" \/>\n<meta name=\"twitter:site\" content=\"@AutateToulouse\" \/>\n<meta name=\"twitter:label1\" content=\"Dur\u00e9e de lecture estim\u00e9e\" \/>\n\t<meta name=\"twitter:data1\" content=\"1 minute\" \/>\n<script type=\"application\/ld+json\" class=\"yoast-schema-graph\">{\"@context\":\"https:\\\/\\\/schema.org\",\"@graph\":[{\"@type\":\"WebPage\",\"@id\":\"https:\\\/\\\/autate.fr\\\/site\\\/evenement\\\/manif-velo-bus-et-pietons-prioritaires-sur-le-pont-neuf\\\/\",\"url\":\"https:\\\/\\\/autate.fr\\\/site\\\/evenement\\\/manif-velo-bus-et-pietons-prioritaires-sur-le-pont-neuf\\\/\",\"name\":\"Manif v\u00e9lo, bus et pi\u00e9tons prioritaires sur le Pont Neuf - AUTATE\",\"isPartOf\":{\"@id\":\"https:\\\/\\\/autate.fr\\\/site\\\/#website\"},\"datePublished\":\"2019-09-02T07:53:42+00:00\",\"breadcrumb\":{\"@id\":\"https:\\\/\\\/autate.fr\\\/site\\\/evenement\\\/manif-velo-bus-et-pietons-prioritaires-sur-le-pont-neuf\\\/#breadcrumb\"},\"inLanguage\":\"fr-FR\",\"potentialAction\":[{\"@type\":\"ReadAction\",\"target\":[\"https:\\\/\\\/autate.fr\\\/site\\\/evenement\\\/manif-velo-bus-et-pietons-prioritaires-sur-le-pont-neuf\\\/\"]}]},{\"@type\":\"BreadcrumbList\",\"@id\":\"https:\\\/\\\/autate.fr\\\/site\\\/evenement\\\/manif-velo-bus-et-pietons-prioritaires-sur-le-pont-neuf\\\/#breadcrumb\",\"itemListElement\":[{\"@type\":\"ListItem\",\"position\":1,\"name\":\"Accueil\",\"item\":\"https:\\\/\\\/autate.fr\\\/site\\\/\"},{\"@type\":\"ListItem\",\"position\":2,\"name\":\"\u00c9v\u00e8nements\",\"item\":\"https:\\\/\\\/autate.fr\\\/site\\\/agenda\\\/\"},{\"@type\":\"ListItem\",\"position\":3,\"name\":\"Manif v\u00e9lo, bus et pi\u00e9tons prioritaires sur le Pont Neuf\"}]},{\"@type\":\"WebSite\",\"@id\":\"https:\\\/\\\/autate.fr\\\/site\\\/#website\",\"url\":\"https:\\\/\\\/autate.fr\\\/site\\\/\",\"name\":\"AUTATE\",\"description\":\"Association des usagers des transports de l&#039;agglom\u00e9ration Toulousaine et de ses environs\",\"publisher\":{\"@id\":\"https:\\\/\\\/autate.fr\\\/site\\\/#organization\"},\"potentialAction\":[{\"@type\":\"SearchAction\",\"target\":{\"@type\":\"EntryPoint\",\"urlTemplate\":\"https:\\\/\\\/autate.fr\\\/site\\\/?s={search_term_string}\"},\"query-input\":{\"@type\":\"PropertyValueSpecification\",\"valueRequired\":true,\"valueName\":\"search_term_string\"}}],\"inLanguage\":\"fr-FR\"},{\"@type\":\"Organization\",\"@id\":\"https:\\\/\\\/autate.fr\\\/site\\\/#organization\",\"name\":\"AUTATE\",\"url\":\"https:\\\/\\\/autate.fr\\\/site\\\/\",\"logo\":{\"@type\":\"ImageObject\",\"inLanguage\":\"fr-FR\",\"@id\":\"https:\\\/\\\/autate.fr\\\/site\\\/#\\\/schema\\\/logo\\\/image\\\/\",\"url\":\"http:\\\/\\\/autate.fr\\\/site\\\/wp-content\\\/uploads\\\/2019\\\/01\\\/logo.png\",\"contentUrl\":\"http:\\\/\\\/autate.fr\\\/site\\\/wp-content\\\/uploads\\\/2019\\\/01\\\/logo.png\",\"width\":506,\"height\":280,\"caption\":\"AUTATE\"},\"image\":{\"@id\":\"https:\\\/\\\/autate.fr\\\/site\\\/#\\\/schema\\\/logo\\\/image\\\/\"},\"sameAs\":[\"https:\\\/\\\/www.facebook.com\\\/AutateToulouse\",\"https:\\\/\\\/x.com\\\/AutateToulouse\"]}]}<\/script>\n<!-- \/ Yoast SEO plugin. -->","yoast_head_json":{"title":"Manif v\u00e9lo, bus et pi\u00e9tons prioritaires sur le Pont Neuf - AUTATE","robots":{"index":"index","follow":"follow","max-snippet":"max-snippet:-1","max-image-preview":"max-image-preview:large","max-video-preview":"max-video-preview:-1"},"canonical":"https:\/\/autate.fr\/site\/evenement\/manif-velo-bus-et-pietons-prioritaires-sur-le-pont-neuf\/","og_locale":"fr_FR","og_type":"article","og_title":"Manif v\u00e9lo, bus et pi\u00e9tons prioritaires sur le Pont Neuf - AUTATE","og_description":"Nous demandons: Le Pont Neuf r\u00e9serv\u00e9 aux pi\u00e9tons, cyclistes et transports en commun. Bordeaux vient de le faire avec le Pont de Pierre. Une augmentation de l&rsquo;espace pi\u00e9ton et cyclable sur l&rsquo;axe Est-Ouest : place Esquirol pi\u00e9tonne, zone de rencontre rue de la r\u00e9publique, un espace apais\u00e9 rue de Metz. Un acc\u00e8s \u00e0 l&rsquo;hypercentre r\u00e9serv\u00e9VOIR PLUS","og_url":"https:\/\/autate.fr\/site\/evenement\/manif-velo-bus-et-pietons-prioritaires-sur-le-pont-neuf\/","og_site_name":"AUTATE","article_publisher":"https:\/\/www.facebook.com\/AutateToulouse","twitter_card":"summary_large_image","twitter_site":"@AutateToulouse","twitter_misc":{"Dur\u00e9e de lecture estim\u00e9e":"1 minute"},"schema":{"@context":"https:\/\/schema.org","@graph":[{"@type":"WebPage","@id":"https:\/\/autate.fr\/site\/evenement\/manif-velo-bus-et-pietons-prioritaires-sur-le-pont-neuf\/","url":"https:\/\/autate.fr\/site\/evenement\/manif-velo-bus-et-pietons-prioritaires-sur-le-pont-neuf\/","name":"Manif v\u00e9lo, bus et pi\u00e9tons prioritaires sur le Pont Neuf - AUTATE","isPartOf":{"@id":"https:\/\/autate.fr\/site\/#website"},"datePublished":"2019-09-02T07:53:42+00:00","breadcrumb":{"@id":"https:\/\/autate.fr\/site\/evenement\/manif-velo-bus-et-pietons-prioritaires-sur-le-pont-neuf\/#breadcrumb"},"inLanguage":"fr-FR","potentialAction":[{"@type":"ReadAction","target":["https:\/\/autate.fr\/site\/evenement\/manif-velo-bus-et-pietons-prioritaires-sur-le-pont-neuf\/"]}]},{"@type":"BreadcrumbList","@id":"https:\/\/autate.fr\/site\/evenement\/manif-velo-bus-et-pietons-prioritaires-sur-le-pont-neuf\/#breadcrumb","itemListElement":[{"@type":"ListItem","position":1,"name":"Accueil","item":"https:\/\/autate.fr\/site\/"},{"@type":"ListItem","position":2,"name":"\u00c9v\u00e8nements","item":"https:\/\/autate.fr\/site\/agenda\/"},{"@type":"ListItem","position":3,"name":"Manif v\u00e9lo, bus et pi\u00e9tons prioritaires sur le Pont Neuf"}]},{"@type":"WebSite","@id":"https:\/\/autate.fr\/site\/#website","url":"https:\/\/autate.fr\/site\/","name":"AUTATE","description":"Association des usagers des transports de l&#039;agglom\u00e9ration Toulousaine et de ses environs","publisher":{"@id":"https:\/\/autate.fr\/site\/#organization"},"potentialAction":[{"@type":"SearchAction","target":{"@type":"EntryPoint","urlTemplate":"https:\/\/autate.fr\/site\/?s={search_term_string}"},"query-input":{"@type":"PropertyValueSpecification","valueRequired":true,"valueName":"search_term_string"}}],"inLanguage":"fr-FR"},{"@type":"Organization","@id":"https:\/\/autate.fr\/site\/#organization","name":"AUTATE","url":"https:\/\/autate.fr\/site\/","logo":{"@type":"ImageObject","inLanguage":"fr-FR","@id":"https:\/\/autate.fr\/site\/#\/schema\/logo\/image\/","url":"http:\/\/autate.fr\/site\/wp-content\/uploads\/2019\/01\/logo.png","contentUrl":"http:\/\/autate.fr\/site\/wp-content\/uploads\/2019\/01\/logo.png","width":506,"height":280,"caption":"AUTATE"},"image":{"@id":"https:\/\/autate.fr\/site\/#\/schema\/logo\/image\/"},"sameAs":["https:\/\/www.facebook.com\/AutateToulouse","https:\/\/x.com\/AutateToulouse"]}]}},"_links":{"self":[{"href":"https:\/\/autate.fr\/site\/wp-json\/wp\/v2\/tribe_events\/3509","targetHints":{"allow":["GET"]}}],"collection":[{"href":"https:\/\/autate.fr\/site\/wp-json\/wp\/v2\/tribe_events"}],"about":[{"href":"https:\/\/autate.fr\/site\/wp-json\/wp\/v2\/types\/tribe_events"}],"author":[{"embeddable":true,"href":"https:\/\/autate.fr\/site\/wp-json\/wp\/v2\/users\/9"}],"version-history":[{"count":1,"href":"https:\/\/autate.fr\/site\/wp-json\/wp\/v2\/tribe_events\/3509\/revisions"}],"predecessor-version":[{"id":3510,"href":"https:\/\/autate.fr\/site\/wp-json\/wp\/v2\/tribe_events\/3509\/revisions\/3510"}],"wp:attachment":[{"href":"https:\/\/autate.fr\/site\/wp-json\/wp\/v2\/media?parent=3509"}],"wp:term":[{"taxonomy":"post_tag","embeddable":true,"href":"https:\/\/autate.fr\/site\/wp-json\/wp\/v2\/tags?post=3509"},{"taxonomy":"tribe_events_cat","embeddable":true,"href":"https:\/\/autate.fr\/site\/wp-json\/wp\/v2\/tribe_events_cat?post=3509"}],"curies":[{"name":"wp","href":"https:\/\/api.w.org\/{rel}","templated":true}]}}

Manif vélo, bus et piétons prioritaires sur le Pont Neuf

<p>Nous demandons:</p>
<ul>
<li>Le Pont Neuf réservé aux piétons, cyclistes et transports en commun. Bordeaux vient de le faire avec le Pont de Pierre.</li>
<li>Une augmentation de l&rsquo;espace piéton et cyclable sur l&rsquo;axe Est-Ouest : place Esquirol piétonne, zone de rencontre rue de la république, un espace apaisé rue de Metz.</li>
<li>Un accès à l&rsquo;hypercentre réservé aux riverains et exceptions. Le transit auto/moto ne doit plus traverser le centre historique.</li>
<li>Une modernisation du plan de circulation du canal. Mettons un terme à ce « torrent » de moteurs tournoyant autour de la Halle aux Grains.</li>
<li>La suppression du terminal de bus du Cours Dillon et un réseau bus plus adapté : moins de bus grand format, plus de navettes légères dans l&rsquo;hypercentre.</li>
<li>Le développement des livraisons à vélo, des vélo-taxi.</li>
<li>Que les places Roguet et Saint Cyprien ne soient plus des giratoires 2X3 voies automobiles mais une seule place apaisée et végétalisée où les piétons prennent plaisir à marcher.</li>
</ul>

<p>Nous demandons: Le Pont Neuf réservé aux piétons, cyclistes et transports en commun. Bordeaux vient de le faire avec le Pont de Pierre. Une augmentation de l&rsquo;espace piéton et cyclable sur l&rsquo;axe Est-Ouest : place Esquirol piétonne, zone de rencontre rue de la république, un espace apaisé rue de Metz. Un accès à l&rsquo;hypercentre réservé</p>
<p class="more-link"><a href="https://autate.fr/site/evenement/manif-velo-bus-et-pietons-prioritaires-sur-le-pont-neuf/" class="themebutton2">VOIR PLUS</a></p>

<!-- This site is optimized with the Yoast SEO plugin v27.4 - https://yoast.com/product/yoast-seo-wordpress/ -->
<title>Manif vélo, bus et piétons prioritaires sur le Pont Neuf - AUTATE</title>
<meta name="robots" content="index, follow, max-snippet:-1, max-image-preview:large, max-video-preview:-1" />
<link rel="canonical" href="https://autate.fr/site/evenement/manif-velo-bus-et-pietons-prioritaires-sur-le-pont-neuf/" />
<meta property="og:locale" content="fr_FR" />
<meta property="og:type" content="article" />
<meta property="og:title" content="Manif vélo, bus et piétons prioritaires sur le Pont Neuf - AUTATE" />
<meta property="og:description" content="Nous demandons: Le Pont Neuf réservé aux piétons, cyclistes et transports en commun. Bordeaux vient de le faire avec le Pont de Pierre. Une augmentation de l&rsquo;espace piéton et cyclable sur l&rsquo;axe Est-Ouest : place Esquirol piétonne, zone de rencontre rue de la république, un espace apaisé rue de Metz. Un accès à l&rsquo;hypercentre réservéVOIR PLUS" />
<meta property="og:url" content="https://autate.fr/site/evenement/manif-velo-bus-et-pietons-prioritaires-sur-le-pont-neuf/" />
<meta property="og:site_name" content="AUTATE" />
<meta property="article:publisher" content="https://www.facebook.com/AutateToulouse" />
<meta name="twitter:card" content="summary_large_image" />
<meta name="twitter:site" content="@AutateToulouse" />
<meta name="twitter:label1" content="Durée de lecture estimée" />
	<meta name="twitter:data1" content="1 minute" />
<script type="application/ld+json" class="yoast-schema-graph">{"@context":"https:\/\/schema.org","@graph":[{"@type":"WebPage","@id":"https:\/\/autate.fr\/site\/evenement\/manif-velo-bus-et-pietons-prioritaires-sur-le-pont-neuf\/","url":"https:\/\/autate.fr\/site\/evenement\/manif-velo-bus-et-pietons-prioritaires-sur-le-pont-neuf\/","name":"Manif vélo, bus et piétons prioritaires sur le Pont Neuf - AUTATE","isPartOf":{"@id":"https:\/\/autate.fr\/site\/#website"},"datePublished":"2019-09-02T07:53:42+00:00","breadcrumb":{"@id":"https:\/\/autate.fr\/site\/evenement\/manif-velo-bus-et-pietons-prioritaires-sur-le-pont-neuf\/#breadcrumb"},"inLanguage":"fr-FR","potentialAction":[{"@type":"ReadAction","target":["https:\/\/autate.fr\/site\/evenement\/manif-velo-bus-et-pietons-prioritaires-sur-le-pont-neuf\/"]}]},{"@type":"BreadcrumbList","@id":"https:\/\/autate.fr\/site\/evenement\/manif-velo-bus-et-pietons-prioritaires-sur-le-pont-neuf\/#breadcrumb","itemListElement":[{"@type":"ListItem","position":1,"name":"Accueil","item":"https:\/\/autate.fr\/site\/"},{"@type":"ListItem","position":2,"name":"Évènements","item":"https:\/\/autate.fr\/site\/agenda\/"},{"@type":"ListItem","position":3,"name":"Manif vélo, bus et piétons prioritaires sur le Pont Neuf"}]},{"@type":"WebSite","@id":"https:\/\/autate.fr\/site\/#website","url":"https:\/\/autate.fr\/site\/","name":"AUTATE","description":"Association des usagers des transports de l&#039;agglomération Toulousaine et de ses environs","publisher":{"@id":"https:\/\/autate.fr\/site\/#organization"},"potentialAction":[{"@type":"SearchAction","target":{"@type":"EntryPoint","urlTemplate":"https:\/\/autate.fr\/site\/?s={search_term_string}"},"query-input":{"@type":"PropertyValueSpecification","valueRequired":true,"valueName":"search_term_string"}}],"inLanguage":"fr-FR"},{"@type":"Organization","@id":"https:\/\/autate.fr\/site\/#organization","name":"AUTATE","url":"https:\/\/autate.fr\/site\/","logo":{"@type":"ImageObject","inLanguage":"fr-FR","@id":"https:\/\/autate.fr\/site\/#\/schema\/logo\/image\/","url":"http:\/\/autate.fr\/site\/wp-content\/uploads\/2019\/01\/logo.png","contentUrl":"http:\/\/autate.fr\/site\/wp-content\/uploads\/2019\/01\/logo.png","width":506,"height":280,"caption":"AUTATE"},"image":{"@id":"https:\/\/autate.fr\/site\/#\/schema\/logo\/image\/"},"sameAs":["https:\/\/www.facebook.com\/AutateToulouse","https:\/\/x.com\/AutateToulouse"]}]}</script>
<!-- / Yoast SEO plugin. -->

Manif vélo, bus et piétons prioritaires sur le Pont Neuf - AUTATE

Nous demandons: Le Pont Neuf réservé aux piétons, cyclistes et transports en commun. Bordeaux vient de le faire avec le Pont de Pierre. Une augmentation de l&rsquo;espace piéton et cyclable sur l&rsquo;axe Est-Ouest : place Esquirol piétonne, zone de rencontre rue de la république, un espace apaisé rue de Metz. Un accès à l&rsquo;hypercentre réservéVOIR PLUS

Évènements

Association des usagers des transports de l&#039;agglomération Toulousaine et de ses environs
