{"id":3505,"date":"2019-09-02T09:38:42","date_gmt":"2019-09-02T07:38:42","guid":{"rendered":"https:\/\/autate.fr\/site\/?post_type=tribe_events&#038;p=3505"},"modified":"2019-09-03T09:06:23","modified_gmt":"2019-09-03T07:06:23","slug":"reunion-ligne-de-train-vers-colomiers","status":"publish","type":"tribe_events","link":"https:\/\/autate.fr\/site\/evenement\/reunion-ligne-de-train-vers-colomiers\/","title":{"rendered":"R\u00e9union Ligne de train vers Colomiers"},"content":{"rendered":"<blockquote><p>R\u00e9union sur la concertation SNCF pour l&rsquo;am\u00e9lioration de la desserte ferroviaire \u00e0 l&rsquo;ouest\u00a0 : (ligne C vers Colomiers) .<\/p>\n<p>salle rose de la maison des associations derri\u00e8re la mairie de Tournefeuille.<\/p>\n<p>contacter Agn\u00e8s Defosse : a.defosse64@gmail.com<\/p>\n<p>ou G\u00e9rard Caille &#8211; 06 51 92 64 22<\/p><\/blockquote>\n","protected":false},"excerpt":{"rendered":"<p>R\u00e9union sur la concertation SNCF pour l&rsquo;am\u00e9lioration de la desserte ferroviaire \u00e0 l&rsquo;ouest\u00a0 : (ligne C vers Colomiers) . salle rose de la maison des associations derri\u00e8re la mairie de Tournefeuille. contacter Agn\u00e8s Defosse : a.defosse64@gmail.com ou G\u00e9rard Caille &#8211; 06 51 92 64 22<\/p>\n","protected":false},"author":9,"featured_media":0,"template":"","meta":{"_tribe_events_status":"","_tribe_events_status_reason":"","footnotes":""},"tags":[],"tribe_events_cat":[],"class_list":["post-3505","tribe_events","type-tribe_events","status-publish","hentry"],"yoast_head":"<!-- This site is optimized with the Yoast SEO plugin v27.4 - https:\/\/yoast.com\/product\/yoast-seo-wordpress\/ -->\n<title>R\u00e9union Ligne de train vers Colomiers - AUTATE<\/title>\n<meta name=\"robots\" content=\"index, follow, max-snippet:-1, max-image-preview:large, max-video-preview:-1\" \/>\n<link rel=\"canonical\" href=\"https:\/\/autate.fr\/site\/evenement\/reunion-ligne-de-train-vers-colomiers\/\" \/>\n<meta property=\"og:locale\" content=\"fr_FR\" \/>\n<meta property=\"og:type\" content=\"article\" \/>\n<meta property=\"og:title\" content=\"R\u00e9union Ligne de train vers Colomiers - AUTATE\" \/>\n<meta property=\"og:description\" content=\"R\u00e9union sur la concertation SNCF pour l&rsquo;am\u00e9lioration de la desserte ferroviaire \u00e0 l&rsquo;ouest\u00a0 : (ligne C vers Colomiers) . salle rose de la maison des associations derri\u00e8re la mairie de Tournefeuille. contacter Agn\u00e8s Defosse : a.defosse64@gmail.com ou G\u00e9rard Caille &#8211; 06 51 92 64 22\" \/>\n<meta property=\"og:url\" content=\"https:\/\/autate.fr\/site\/evenement\/reunion-ligne-de-train-vers-colomiers\/\" \/>\n<meta property=\"og:site_name\" content=\"AUTATE\" \/>\n<meta property=\"article:publisher\" content=\"https:\/\/www.facebook.com\/AutateToulouse\" \/>\n<meta property=\"article:modified_time\" content=\"2019-09-03T07:06:23+00:00\" \/>\n<meta name=\"twitter:card\" content=\"summary_large_image\" \/>\n<meta name=\"twitter:site\" content=\"@AutateToulouse\" \/>\n<script type=\"application\/ld+json\" class=\"yoast-schema-graph\">{\"@context\":\"https:\\\/\\\/schema.org\",\"@graph\":[{\"@type\":\"WebPage\",\"@id\":\"https:\\\/\\\/autate.fr\\\/site\\\/evenement\\\/reunion-ligne-de-train-vers-colomiers\\\/\",\"url\":\"https:\\\/\\\/autate.fr\\\/site\\\/evenement\\\/reunion-ligne-de-train-vers-colomiers\\\/\",\"name\":\"R\u00e9union Ligne de train vers Colomiers - AUTATE\",\"isPartOf\":{\"@id\":\"https:\\\/\\\/autate.fr\\\/site\\\/#website\"},\"datePublished\":\"2019-09-02T07:38:42+00:00\",\"dateModified\":\"2019-09-03T07:06:23+00:00\",\"breadcrumb\":{\"@id\":\"https:\\\/\\\/autate.fr\\\/site\\\/evenement\\\/reunion-ligne-de-train-vers-colomiers\\\/#breadcrumb\"},\"inLanguage\":\"fr-FR\",\"potentialAction\":[{\"@type\":\"ReadAction\",\"target\":[\"https:\\\/\\\/autate.fr\\\/site\\\/evenement\\\/reunion-ligne-de-train-vers-colomiers\\\/\"]}]},{\"@type\":\"BreadcrumbList\",\"@id\":\"https:\\\/\\\/autate.fr\\\/site\\\/evenement\\\/reunion-ligne-de-train-vers-colomiers\\\/#breadcrumb\",\"itemListElement\":[{\"@type\":\"ListItem\",\"position\":1,\"name\":\"Accueil\",\"item\":\"https:\\\/\\\/autate.fr\\\/site\\\/\"},{\"@type\":\"ListItem\",\"position\":2,\"name\":\"\u00c9v\u00e8nements\",\"item\":\"https:\\\/\\\/autate.fr\\\/site\\\/agenda\\\/\"},{\"@type\":\"ListItem\",\"position\":3,\"name\":\"R\u00e9union Ligne de train vers Colomiers\"}]},{\"@type\":\"WebSite\",\"@id\":\"https:\\\/\\\/autate.fr\\\/site\\\/#website\",\"url\":\"https:\\\/\\\/autate.fr\\\/site\\\/\",\"name\":\"AUTATE\",\"description\":\"Association des usagers des transports de l&#039;agglom\u00e9ration Toulousaine et de ses environs\",\"publisher\":{\"@id\":\"https:\\\/\\\/autate.fr\\\/site\\\/#organization\"},\"potentialAction\":[{\"@type\":\"SearchAction\",\"target\":{\"@type\":\"EntryPoint\",\"urlTemplate\":\"https:\\\/\\\/autate.fr\\\/site\\\/?s={search_term_string}\"},\"query-input\":{\"@type\":\"PropertyValueSpecification\",\"valueRequired\":true,\"valueName\":\"search_term_string\"}}],\"inLanguage\":\"fr-FR\"},{\"@type\":\"Organization\",\"@id\":\"https:\\\/\\\/autate.fr\\\/site\\\/#organization\",\"name\":\"AUTATE\",\"url\":\"https:\\\/\\\/autate.fr\\\/site\\\/\",\"logo\":{\"@type\":\"ImageObject\",\"inLanguage\":\"fr-FR\",\"@id\":\"https:\\\/\\\/autate.fr\\\/site\\\/#\\\/schema\\\/logo\\\/image\\\/\",\"url\":\"http:\\\/\\\/autate.fr\\\/site\\\/wp-content\\\/uploads\\\/2019\\\/01\\\/logo.png\",\"contentUrl\":\"http:\\\/\\\/autate.fr\\\/site\\\/wp-content\\\/uploads\\\/2019\\\/01\\\/logo.png\",\"width\":506,\"height\":280,\"caption\":\"AUTATE\"},\"image\":{\"@id\":\"https:\\\/\\\/autate.fr\\\/site\\\/#\\\/schema\\\/logo\\\/image\\\/\"},\"sameAs\":[\"https:\\\/\\\/www.facebook.com\\\/AutateToulouse\",\"https:\\\/\\\/x.com\\\/AutateToulouse\"]}]}<\/script>\n<!-- \/ Yoast SEO plugin. -->","yoast_head_json":{"title":"R\u00e9union Ligne de train vers Colomiers - AUTATE","robots":{"index":"index","follow":"follow","max-snippet":"max-snippet:-1","max-image-preview":"max-image-preview:large","max-video-preview":"max-video-preview:-1"},"canonical":"https:\/\/autate.fr\/site\/evenement\/reunion-ligne-de-train-vers-colomiers\/","og_locale":"fr_FR","og_type":"article","og_title":"R\u00e9union Ligne de train vers Colomiers - AUTATE","og_description":"R\u00e9union sur la concertation SNCF pour l&rsquo;am\u00e9lioration de la desserte ferroviaire \u00e0 l&rsquo;ouest\u00a0 : (ligne C vers Colomiers) . salle rose de la maison des associations derri\u00e8re la mairie de Tournefeuille. contacter Agn\u00e8s Defosse : a.defosse64@gmail.com ou G\u00e9rard Caille &#8211; 06 51 92 64 22","og_url":"https:\/\/autate.fr\/site\/evenement\/reunion-ligne-de-train-vers-colomiers\/","og_site_name":"AUTATE","article_publisher":"https:\/\/www.facebook.com\/AutateToulouse","article_modified_time":"2019-09-03T07:06:23+00:00","twitter_card":"summary_large_image","twitter_site":"@AutateToulouse","schema":{"@context":"https:\/\/schema.org","@graph":[{"@type":"WebPage","@id":"https:\/\/autate.fr\/site\/evenement\/reunion-ligne-de-train-vers-colomiers\/","url":"https:\/\/autate.fr\/site\/evenement\/reunion-ligne-de-train-vers-colomiers\/","name":"R\u00e9union Ligne de train vers Colomiers - AUTATE","isPartOf":{"@id":"https:\/\/autate.fr\/site\/#website"},"datePublished":"2019-09-02T07:38:42+00:00","dateModified":"2019-09-03T07:06:23+00:00","breadcrumb":{"@id":"https:\/\/autate.fr\/site\/evenement\/reunion-ligne-de-train-vers-colomiers\/#breadcrumb"},"inLanguage":"fr-FR","potentialAction":[{"@type":"ReadAction","target":["https:\/\/autate.fr\/site\/evenement\/reunion-ligne-de-train-vers-colomiers\/"]}]},{"@type":"BreadcrumbList","@id":"https:\/\/autate.fr\/site\/evenement\/reunion-ligne-de-train-vers-colomiers\/#breadcrumb","itemListElement":[{"@type":"ListItem","position":1,"name":"Accueil","item":"https:\/\/autate.fr\/site\/"},{"@type":"ListItem","position":2,"name":"\u00c9v\u00e8nements","item":"https:\/\/autate.fr\/site\/agenda\/"},{"@type":"ListItem","position":3,"name":"R\u00e9union Ligne de train vers Colomiers"}]},{"@type":"WebSite","@id":"https:\/\/autate.fr\/site\/#website","url":"https:\/\/autate.fr\/site\/","name":"AUTATE","description":"Association des usagers des transports de l&#039;agglom\u00e9ration Toulousaine et de ses environs","publisher":{"@id":"https:\/\/autate.fr\/site\/#organization"},"potentialAction":[{"@type":"SearchAction","target":{"@type":"EntryPoint","urlTemplate":"https:\/\/autate.fr\/site\/?s={search_term_string}"},"query-input":{"@type":"PropertyValueSpecification","valueRequired":true,"valueName":"search_term_string"}}],"inLanguage":"fr-FR"},{"@type":"Organization","@id":"https:\/\/autate.fr\/site\/#organization","name":"AUTATE","url":"https:\/\/autate.fr\/site\/","logo":{"@type":"ImageObject","inLanguage":"fr-FR","@id":"https:\/\/autate.fr\/site\/#\/schema\/logo\/image\/","url":"http:\/\/autate.fr\/site\/wp-content\/uploads\/2019\/01\/logo.png","contentUrl":"http:\/\/autate.fr\/site\/wp-content\/uploads\/2019\/01\/logo.png","width":506,"height":280,"caption":"AUTATE"},"image":{"@id":"https:\/\/autate.fr\/site\/#\/schema\/logo\/image\/"},"sameAs":["https:\/\/www.facebook.com\/AutateToulouse","https:\/\/x.com\/AutateToulouse"]}]}},"_links":{"self":[{"href":"https:\/\/autate.fr\/site\/wp-json\/wp\/v2\/tribe_events\/3505","targetHints":{"allow":["GET"]}}],"collection":[{"href":"https:\/\/autate.fr\/site\/wp-json\/wp\/v2\/tribe_events"}],"about":[{"href":"https:\/\/autate.fr\/site\/wp-json\/wp\/v2\/types\/tribe_events"}],"author":[{"embeddable":true,"href":"https:\/\/autate.fr\/site\/wp-json\/wp\/v2\/users\/9"}],"version-history":[{"count":4,"href":"https:\/\/autate.fr\/site\/wp-json\/wp\/v2\/tribe_events\/3505\/revisions"}],"predecessor-version":[{"id":3516,"href":"https:\/\/autate.fr\/site\/wp-json\/wp\/v2\/tribe_events\/3505\/revisions\/3516"}],"wp:attachment":[{"href":"https:\/\/autate.fr\/site\/wp-json\/wp\/v2\/media?parent=3505"}],"wp:term":[{"taxonomy":"post_tag","embeddable":true,"href":"https:\/\/autate.fr\/site\/wp-json\/wp\/v2\/tags?post=3505"},{"taxonomy":"tribe_events_cat","embeddable":true,"href":"https:\/\/autate.fr\/site\/wp-json\/wp\/v2\/tribe_events_cat?post=3505"}],"curies":[{"name":"wp","href":"https:\/\/api.w.org\/{rel}","templated":true}]}}

Réunion Ligne de train vers Colomiers

<blockquote><p>Réunion sur la concertation SNCF pour l&rsquo;amélioration de la desserte ferroviaire à l&rsquo;ouest  : (ligne C vers Colomiers) .</p>
<p>salle rose de la maison des associations derrière la mairie de Tournefeuille.</p>
<p>contacter Agnès Defosse : a.defosse64@gmail.com</p>
<p>ou Gérard Caille &#8211; 06 51 92 64 22</p></blockquote>

<p>Réunion sur la concertation SNCF pour l&rsquo;amélioration de la desserte ferroviaire à l&rsquo;ouest  : (ligne C vers Colomiers) . salle rose de la maison des associations derrière la mairie de Tournefeuille. contacter Agnès Defosse : a.defosse64@gmail.com ou Gérard Caille &#8211; 06 51 92 64 22</p>

<!-- This site is optimized with the Yoast SEO plugin v27.4 - https://yoast.com/product/yoast-seo-wordpress/ -->
<title>Réunion Ligne de train vers Colomiers - AUTATE</title>
<meta name="robots" content="index, follow, max-snippet:-1, max-image-preview:large, max-video-preview:-1" />
<link rel="canonical" href="https://autate.fr/site/evenement/reunion-ligne-de-train-vers-colomiers/" />
<meta property="og:locale" content="fr_FR" />
<meta property="og:type" content="article" />
<meta property="og:title" content="Réunion Ligne de train vers Colomiers - AUTATE" />
<meta property="og:description" content="Réunion sur la concertation SNCF pour l&rsquo;amélioration de la desserte ferroviaire à l&rsquo;ouest  : (ligne C vers Colomiers) . salle rose de la maison des associations derrière la mairie de Tournefeuille. contacter Agnès Defosse : a.defosse64@gmail.com ou Gérard Caille &#8211; 06 51 92 64 22" />
<meta property="og:url" content="https://autate.fr/site/evenement/reunion-ligne-de-train-vers-colomiers/" />
<meta property="og:site_name" content="AUTATE" />
<meta property="article:publisher" content="https://www.facebook.com/AutateToulouse" />
<meta property="article:modified_time" content="2019-09-03T07:06:23+00:00" />
<meta name="twitter:card" content="summary_large_image" />
<meta name="twitter:site" content="@AutateToulouse" />
<script type="application/ld+json" class="yoast-schema-graph">{"@context":"https:\/\/schema.org","@graph":[{"@type":"WebPage","@id":"https:\/\/autate.fr\/site\/evenement\/reunion-ligne-de-train-vers-colomiers\/","url":"https:\/\/autate.fr\/site\/evenement\/reunion-ligne-de-train-vers-colomiers\/","name":"Réunion Ligne de train vers Colomiers - AUTATE","isPartOf":{"@id":"https:\/\/autate.fr\/site\/#website"},"datePublished":"2019-09-02T07:38:42+00:00","dateModified":"2019-09-03T07:06:23+00:00","breadcrumb":{"@id":"https:\/\/autate.fr\/site\/evenement\/reunion-ligne-de-train-vers-colomiers\/#breadcrumb"},"inLanguage":"fr-FR","potentialAction":[{"@type":"ReadAction","target":["https:\/\/autate.fr\/site\/evenement\/reunion-ligne-de-train-vers-colomiers\/"]}]},{"@type":"BreadcrumbList","@id":"https:\/\/autate.fr\/site\/evenement\/reunion-ligne-de-train-vers-colomiers\/#breadcrumb","itemListElement":[{"@type":"ListItem","position":1,"name":"Accueil","item":"https:\/\/autate.fr\/site\/"},{"@type":"ListItem","position":2,"name":"Évènements","item":"https:\/\/autate.fr\/site\/agenda\/"},{"@type":"ListItem","position":3,"name":"Réunion Ligne de train vers Colomiers"}]},{"@type":"WebSite","@id":"https:\/\/autate.fr\/site\/#website","url":"https:\/\/autate.fr\/site\/","name":"AUTATE","description":"Association des usagers des transports de l&#039;agglomération Toulousaine et de ses environs","publisher":{"@id":"https:\/\/autate.fr\/site\/#organization"},"potentialAction":[{"@type":"SearchAction","target":{"@type":"EntryPoint","urlTemplate":"https:\/\/autate.fr\/site\/?s={search_term_string}"},"query-input":{"@type":"PropertyValueSpecification","valueRequired":true,"valueName":"search_term_string"}}],"inLanguage":"fr-FR"},{"@type":"Organization","@id":"https:\/\/autate.fr\/site\/#organization","name":"AUTATE","url":"https:\/\/autate.fr\/site\/","logo":{"@type":"ImageObject","inLanguage":"fr-FR","@id":"https:\/\/autate.fr\/site\/#\/schema\/logo\/image\/","url":"http:\/\/autate.fr\/site\/wp-content\/uploads\/2019\/01\/logo.png","contentUrl":"http:\/\/autate.fr\/site\/wp-content\/uploads\/2019\/01\/logo.png","width":506,"height":280,"caption":"AUTATE"},"image":{"@id":"https:\/\/autate.fr\/site\/#\/schema\/logo\/image\/"},"sameAs":["https:\/\/www.facebook.com\/AutateToulouse","https:\/\/x.com\/AutateToulouse"]}]}</script>
<!-- / Yoast SEO plugin. -->

Réunion Ligne de train vers Colomiers - AUTATE

Réunion sur la concertation SNCF pour l&rsquo;amélioration de la desserte ferroviaire à l&rsquo;ouest  : (ligne C vers Colomiers) . salle rose de la maison des associations derrière la mairie de Tournefeuille. contacter Agnès Defosse : a.defosse64@gmail.com ou Gérard Caille &#8211; 06 51 92 64 22

Évènements

Association des usagers des transports de l&#039;agglomération Toulousaine et de ses environs
