{"id":1559,"date":"2017-06-21T09:28:14","date_gmt":"2017-06-21T07:28:14","guid":{"rendered":"http:\/\/autate.fr\/site\/?post_type=tribe_events&#038;p=1559"},"modified":"2017-06-21T09:28:14","modified_gmt":"2017-06-21T07:28:14","slug":"debat-public-du-38-au-lineo-9-a-bonnefoy","status":"publish","type":"tribe_events","link":"https:\/\/autate.fr\/site\/evenement\/debat-public-du-38-au-lineo-9-a-bonnefoy\/","title":{"rendered":"D\u00e9bat public : du 38 au LINEO 9 \u00e0 Bonnefoy"},"content":{"rendered":"<p><b><\/b>Les associations du quartier Bonnefoy et d&rsquo;autres vous invitent \u00e0 donner votre point de vue\u00a0 autour du projet de transformation\u00a0 de la ligne de bus 38 en ligne structurante de bus LINEO 9\u00a0 et de l&rsquo;impact sur les\u00a0 am\u00e9nagements du faubourg Bonnefoy<\/p>\n<blockquote><p><span style=\"color: #000099;\">mardi 27 juin \u00e0 partir de 19h<br \/>\nBar des Farfadet-tes en pays cathare<br \/>\n19bis rue du faubourg Bonnefoy<br \/>\nToulouse <\/span><\/p><\/blockquote>\n<p><i>parmi les associations\u00a0 invit\u00e9es :<\/i><\/p>\n<blockquote><p><i>Association Ilot Lapujade<br \/>\nAssociation Marengo\/Bonnefoy<br \/>\nAssociation Cheminots Saint-Laurent<br \/>\nAssociation Michel Ange<br \/>\nAssociation ses Usager-e-s Des Transports de l&rsquo;Agglom\u00e9ration Toulousaine et de ses Environs (AUTATE)<br \/>\nAssociation 2P2R<\/i><\/p><\/blockquote>\n","protected":false},"excerpt":{"rendered":"<p>Les associations du quartier Bonnefoy et d&rsquo;autres vous invitent \u00e0 donner votre point de vue\u00a0 autour du projet de transformation\u00a0 de la ligne de bus 38 en ligne structurante de bus LINEO 9\u00a0 et de l&rsquo;impact sur les\u00a0 am\u00e9nagements du faubourg Bonnefoy mardi 27 juin \u00e0 partir de 19h Bar des Farfadet-tes en pays cathare<\/p>\n<p class=\"more-link\"><a href=\"https:\/\/autate.fr\/site\/evenement\/debat-public-du-38-au-lineo-9-a-bonnefoy\/\" class=\"themebutton2\">VOIR PLUS<\/a><\/p>\n","protected":false},"author":1,"featured_media":0,"template":"","meta":{"_tribe_events_status":"","_tribe_events_status_reason":"","footnotes":""},"tags":[],"tribe_events_cat":[183],"class_list":["post-1559","tribe_events","type-tribe_events","status-publish","hentry","tribe_events_cat-reunions-publiques","cat_reunions-publiques"],"yoast_head":"<!-- This site is optimized with the Yoast SEO plugin v27.4 - https:\/\/yoast.com\/product\/yoast-seo-wordpress\/ -->\n<title>D\u00e9bat public : du 38 au LINEO 9 \u00e0 Bonnefoy - AUTATE<\/title>\n<meta name=\"robots\" content=\"index, follow, max-snippet:-1, max-image-preview:large, max-video-preview:-1\" \/>\n<link rel=\"canonical\" href=\"https:\/\/autate.fr\/site\/evenement\/debat-public-du-38-au-lineo-9-a-bonnefoy\/\" \/>\n<meta property=\"og:locale\" content=\"fr_FR\" \/>\n<meta property=\"og:type\" content=\"article\" \/>\n<meta property=\"og:title\" content=\"D\u00e9bat public : du 38 au LINEO 9 \u00e0 Bonnefoy - AUTATE\" \/>\n<meta property=\"og:description\" content=\"Les associations du quartier Bonnefoy et d&rsquo;autres vous invitent \u00e0 donner votre point de vue\u00a0 autour du projet de transformation\u00a0 de la ligne de bus 38 en ligne structurante de bus LINEO 9\u00a0 et de l&rsquo;impact sur les\u00a0 am\u00e9nagements du faubourg Bonnefoy mardi 27 juin \u00e0 partir de 19h Bar des Farfadet-tes en pays cathareVOIR PLUS\" \/>\n<meta property=\"og:url\" content=\"https:\/\/autate.fr\/site\/evenement\/debat-public-du-38-au-lineo-9-a-bonnefoy\/\" \/>\n<meta property=\"og:site_name\" content=\"AUTATE\" \/>\n<meta property=\"article:publisher\" content=\"https:\/\/www.facebook.com\/AutateToulouse\" \/>\n<meta name=\"twitter:card\" content=\"summary_large_image\" \/>\n<meta name=\"twitter:site\" content=\"@AutateToulouse\" \/>\n<script type=\"application\/ld+json\" class=\"yoast-schema-graph\">{\"@context\":\"https:\\\/\\\/schema.org\",\"@graph\":[{\"@type\":\"WebPage\",\"@id\":\"https:\\\/\\\/autate.fr\\\/site\\\/evenement\\\/debat-public-du-38-au-lineo-9-a-bonnefoy\\\/\",\"url\":\"https:\\\/\\\/autate.fr\\\/site\\\/evenement\\\/debat-public-du-38-au-lineo-9-a-bonnefoy\\\/\",\"name\":\"D\u00e9bat public : du 38 au LINEO 9 \u00e0 Bonnefoy - AUTATE\",\"isPartOf\":{\"@id\":\"https:\\\/\\\/autate.fr\\\/site\\\/#website\"},\"datePublished\":\"2017-06-21T07:28:14+00:00\",\"breadcrumb\":{\"@id\":\"https:\\\/\\\/autate.fr\\\/site\\\/evenement\\\/debat-public-du-38-au-lineo-9-a-bonnefoy\\\/#breadcrumb\"},\"inLanguage\":\"fr-FR\",\"potentialAction\":[{\"@type\":\"ReadAction\",\"target\":[\"https:\\\/\\\/autate.fr\\\/site\\\/evenement\\\/debat-public-du-38-au-lineo-9-a-bonnefoy\\\/\"]}]},{\"@type\":\"BreadcrumbList\",\"@id\":\"https:\\\/\\\/autate.fr\\\/site\\\/evenement\\\/debat-public-du-38-au-lineo-9-a-bonnefoy\\\/#breadcrumb\",\"itemListElement\":[{\"@type\":\"ListItem\",\"position\":1,\"name\":\"Accueil\",\"item\":\"https:\\\/\\\/autate.fr\\\/site\\\/\"},{\"@type\":\"ListItem\",\"position\":2,\"name\":\"\u00c9v\u00e8nements\",\"item\":\"https:\\\/\\\/autate.fr\\\/site\\\/agenda\\\/\"},{\"@type\":\"ListItem\",\"position\":3,\"name\":\"D\u00e9bat public : du 38 au LINEO 9 \u00e0 Bonnefoy\"}]},{\"@type\":\"WebSite\",\"@id\":\"https:\\\/\\\/autate.fr\\\/site\\\/#website\",\"url\":\"https:\\\/\\\/autate.fr\\\/site\\\/\",\"name\":\"AUTATE\",\"description\":\"Association des usagers des transports de l&#039;agglom\u00e9ration Toulousaine et de ses environs\",\"publisher\":{\"@id\":\"https:\\\/\\\/autate.fr\\\/site\\\/#organization\"},\"potentialAction\":[{\"@type\":\"SearchAction\",\"target\":{\"@type\":\"EntryPoint\",\"urlTemplate\":\"https:\\\/\\\/autate.fr\\\/site\\\/?s={search_term_string}\"},\"query-input\":{\"@type\":\"PropertyValueSpecification\",\"valueRequired\":true,\"valueName\":\"search_term_string\"}}],\"inLanguage\":\"fr-FR\"},{\"@type\":\"Organization\",\"@id\":\"https:\\\/\\\/autate.fr\\\/site\\\/#organization\",\"name\":\"AUTATE\",\"url\":\"https:\\\/\\\/autate.fr\\\/site\\\/\",\"logo\":{\"@type\":\"ImageObject\",\"inLanguage\":\"fr-FR\",\"@id\":\"https:\\\/\\\/autate.fr\\\/site\\\/#\\\/schema\\\/logo\\\/image\\\/\",\"url\":\"http:\\\/\\\/autate.fr\\\/site\\\/wp-content\\\/uploads\\\/2019\\\/01\\\/logo.png\",\"contentUrl\":\"http:\\\/\\\/autate.fr\\\/site\\\/wp-content\\\/uploads\\\/2019\\\/01\\\/logo.png\",\"width\":506,\"height\":280,\"caption\":\"AUTATE\"},\"image\":{\"@id\":\"https:\\\/\\\/autate.fr\\\/site\\\/#\\\/schema\\\/logo\\\/image\\\/\"},\"sameAs\":[\"https:\\\/\\\/www.facebook.com\\\/AutateToulouse\",\"https:\\\/\\\/x.com\\\/AutateToulouse\"]}]}<\/script>\n<!-- \/ Yoast SEO plugin. -->","yoast_head_json":{"title":"D\u00e9bat public : du 38 au LINEO 9 \u00e0 Bonnefoy - AUTATE","robots":{"index":"index","follow":"follow","max-snippet":"max-snippet:-1","max-image-preview":"max-image-preview:large","max-video-preview":"max-video-preview:-1"},"canonical":"https:\/\/autate.fr\/site\/evenement\/debat-public-du-38-au-lineo-9-a-bonnefoy\/","og_locale":"fr_FR","og_type":"article","og_title":"D\u00e9bat public : du 38 au LINEO 9 \u00e0 Bonnefoy - AUTATE","og_description":"Les associations du quartier Bonnefoy et d&rsquo;autres vous invitent \u00e0 donner votre point de vue\u00a0 autour du projet de transformation\u00a0 de la ligne de bus 38 en ligne structurante de bus LINEO 9\u00a0 et de l&rsquo;impact sur les\u00a0 am\u00e9nagements du faubourg Bonnefoy mardi 27 juin \u00e0 partir de 19h Bar des Farfadet-tes en pays cathareVOIR PLUS","og_url":"https:\/\/autate.fr\/site\/evenement\/debat-public-du-38-au-lineo-9-a-bonnefoy\/","og_site_name":"AUTATE","article_publisher":"https:\/\/www.facebook.com\/AutateToulouse","twitter_card":"summary_large_image","twitter_site":"@AutateToulouse","schema":{"@context":"https:\/\/schema.org","@graph":[{"@type":"WebPage","@id":"https:\/\/autate.fr\/site\/evenement\/debat-public-du-38-au-lineo-9-a-bonnefoy\/","url":"https:\/\/autate.fr\/site\/evenement\/debat-public-du-38-au-lineo-9-a-bonnefoy\/","name":"D\u00e9bat public : du 38 au LINEO 9 \u00e0 Bonnefoy - AUTATE","isPartOf":{"@id":"https:\/\/autate.fr\/site\/#website"},"datePublished":"2017-06-21T07:28:14+00:00","breadcrumb":{"@id":"https:\/\/autate.fr\/site\/evenement\/debat-public-du-38-au-lineo-9-a-bonnefoy\/#breadcrumb"},"inLanguage":"fr-FR","potentialAction":[{"@type":"ReadAction","target":["https:\/\/autate.fr\/site\/evenement\/debat-public-du-38-au-lineo-9-a-bonnefoy\/"]}]},{"@type":"BreadcrumbList","@id":"https:\/\/autate.fr\/site\/evenement\/debat-public-du-38-au-lineo-9-a-bonnefoy\/#breadcrumb","itemListElement":[{"@type":"ListItem","position":1,"name":"Accueil","item":"https:\/\/autate.fr\/site\/"},{"@type":"ListItem","position":2,"name":"\u00c9v\u00e8nements","item":"https:\/\/autate.fr\/site\/agenda\/"},{"@type":"ListItem","position":3,"name":"D\u00e9bat public : du 38 au LINEO 9 \u00e0 Bonnefoy"}]},{"@type":"WebSite","@id":"https:\/\/autate.fr\/site\/#website","url":"https:\/\/autate.fr\/site\/","name":"AUTATE","description":"Association des usagers des transports de l&#039;agglom\u00e9ration Toulousaine et de ses environs","publisher":{"@id":"https:\/\/autate.fr\/site\/#organization"},"potentialAction":[{"@type":"SearchAction","target":{"@type":"EntryPoint","urlTemplate":"https:\/\/autate.fr\/site\/?s={search_term_string}"},"query-input":{"@type":"PropertyValueSpecification","valueRequired":true,"valueName":"search_term_string"}}],"inLanguage":"fr-FR"},{"@type":"Organization","@id":"https:\/\/autate.fr\/site\/#organization","name":"AUTATE","url":"https:\/\/autate.fr\/site\/","logo":{"@type":"ImageObject","inLanguage":"fr-FR","@id":"https:\/\/autate.fr\/site\/#\/schema\/logo\/image\/","url":"http:\/\/autate.fr\/site\/wp-content\/uploads\/2019\/01\/logo.png","contentUrl":"http:\/\/autate.fr\/site\/wp-content\/uploads\/2019\/01\/logo.png","width":506,"height":280,"caption":"AUTATE"},"image":{"@id":"https:\/\/autate.fr\/site\/#\/schema\/logo\/image\/"},"sameAs":["https:\/\/www.facebook.com\/AutateToulouse","https:\/\/x.com\/AutateToulouse"]}]}},"_links":{"self":[{"href":"https:\/\/autate.fr\/site\/wp-json\/wp\/v2\/tribe_events\/1559","targetHints":{"allow":["GET"]}}],"collection":[{"href":"https:\/\/autate.fr\/site\/wp-json\/wp\/v2\/tribe_events"}],"about":[{"href":"https:\/\/autate.fr\/site\/wp-json\/wp\/v2\/types\/tribe_events"}],"author":[{"embeddable":true,"href":"https:\/\/autate.fr\/site\/wp-json\/wp\/v2\/users\/1"}],"version-history":[{"count":1,"href":"https:\/\/autate.fr\/site\/wp-json\/wp\/v2\/tribe_events\/1559\/revisions"}],"predecessor-version":[{"id":1560,"href":"https:\/\/autate.fr\/site\/wp-json\/wp\/v2\/tribe_events\/1559\/revisions\/1560"}],"wp:attachment":[{"href":"https:\/\/autate.fr\/site\/wp-json\/wp\/v2\/media?parent=1559"}],"wp:term":[{"taxonomy":"post_tag","embeddable":true,"href":"https:\/\/autate.fr\/site\/wp-json\/wp\/v2\/tags?post=1559"},{"taxonomy":"tribe_events_cat","embeddable":true,"href":"https:\/\/autate.fr\/site\/wp-json\/wp\/v2\/tribe_events_cat?post=1559"}],"curies":[{"name":"wp","href":"https:\/\/api.w.org\/{rel}","templated":true}]}}

Débat public : du 38 au LINEO 9 à Bonnefoy

<p><b></b>Les associations du quartier Bonnefoy et d&rsquo;autres vous invitent à donner votre point de vue  autour du projet de transformation  de la ligne de bus 38 en ligne structurante de bus LINEO 9  et de l&rsquo;impact sur les  aménagements du faubourg Bonnefoy</p>
<blockquote><p><span style="color: #000099;">mardi 27 juin à partir de 19h<br />
Bar des Farfadet-tes en pays cathare<br />
19bis rue du faubourg Bonnefoy<br />
Toulouse </span></p></blockquote>
<p><i>parmi les associations  invitées :</i></p>
<blockquote><p><i>Association Ilot Lapujade<br />
Association Marengo/Bonnefoy<br />
Association Cheminots Saint-Laurent<br />
Association Michel Ange<br />
Association ses Usager-e-s Des Transports de l&rsquo;Agglomération Toulousaine et de ses Environs (AUTATE)<br />
Association 2P2R</i></p></blockquote>

<p>Les associations du quartier Bonnefoy et d&rsquo;autres vous invitent à donner votre point de vue  autour du projet de transformation  de la ligne de bus 38 en ligne structurante de bus LINEO 9  et de l&rsquo;impact sur les  aménagements du faubourg Bonnefoy mardi 27 juin à partir de 19h Bar des Farfadet-tes en pays cathare</p>
<p class="more-link"><a href="https://autate.fr/site/evenement/debat-public-du-38-au-lineo-9-a-bonnefoy/" class="themebutton2">VOIR PLUS</a></p>

<!-- This site is optimized with the Yoast SEO plugin v27.4 - https://yoast.com/product/yoast-seo-wordpress/ -->
<title>Débat public : du 38 au LINEO 9 à Bonnefoy - AUTATE</title>
<meta name="robots" content="index, follow, max-snippet:-1, max-image-preview:large, max-video-preview:-1" />
<link rel="canonical" href="https://autate.fr/site/evenement/debat-public-du-38-au-lineo-9-a-bonnefoy/" />
<meta property="og:locale" content="fr_FR" />
<meta property="og:type" content="article" />
<meta property="og:title" content="Débat public : du 38 au LINEO 9 à Bonnefoy - AUTATE" />
<meta property="og:description" content="Les associations du quartier Bonnefoy et d&rsquo;autres vous invitent à donner votre point de vue  autour du projet de transformation  de la ligne de bus 38 en ligne structurante de bus LINEO 9  et de l&rsquo;impact sur les  aménagements du faubourg Bonnefoy mardi 27 juin à partir de 19h Bar des Farfadet-tes en pays cathareVOIR PLUS" />
<meta property="og:url" content="https://autate.fr/site/evenement/debat-public-du-38-au-lineo-9-a-bonnefoy/" />
<meta property="og:site_name" content="AUTATE" />
<meta property="article:publisher" content="https://www.facebook.com/AutateToulouse" />
<meta name="twitter:card" content="summary_large_image" />
<meta name="twitter:site" content="@AutateToulouse" />
<script type="application/ld+json" class="yoast-schema-graph">{"@context":"https:\/\/schema.org","@graph":[{"@type":"WebPage","@id":"https:\/\/autate.fr\/site\/evenement\/debat-public-du-38-au-lineo-9-a-bonnefoy\/","url":"https:\/\/autate.fr\/site\/evenement\/debat-public-du-38-au-lineo-9-a-bonnefoy\/","name":"Débat public : du 38 au LINEO 9 à Bonnefoy - AUTATE","isPartOf":{"@id":"https:\/\/autate.fr\/site\/#website"},"datePublished":"2017-06-21T07:28:14+00:00","breadcrumb":{"@id":"https:\/\/autate.fr\/site\/evenement\/debat-public-du-38-au-lineo-9-a-bonnefoy\/#breadcrumb"},"inLanguage":"fr-FR","potentialAction":[{"@type":"ReadAction","target":["https:\/\/autate.fr\/site\/evenement\/debat-public-du-38-au-lineo-9-a-bonnefoy\/"]}]},{"@type":"BreadcrumbList","@id":"https:\/\/autate.fr\/site\/evenement\/debat-public-du-38-au-lineo-9-a-bonnefoy\/#breadcrumb","itemListElement":[{"@type":"ListItem","position":1,"name":"Accueil","item":"https:\/\/autate.fr\/site\/"},{"@type":"ListItem","position":2,"name":"Évènements","item":"https:\/\/autate.fr\/site\/agenda\/"},{"@type":"ListItem","position":3,"name":"Débat public : du 38 au LINEO 9 à Bonnefoy"}]},{"@type":"WebSite","@id":"https:\/\/autate.fr\/site\/#website","url":"https:\/\/autate.fr\/site\/","name":"AUTATE","description":"Association des usagers des transports de l&#039;agglomération Toulousaine et de ses environs","publisher":{"@id":"https:\/\/autate.fr\/site\/#organization"},"potentialAction":[{"@type":"SearchAction","target":{"@type":"EntryPoint","urlTemplate":"https:\/\/autate.fr\/site\/?s={search_term_string}"},"query-input":{"@type":"PropertyValueSpecification","valueRequired":true,"valueName":"search_term_string"}}],"inLanguage":"fr-FR"},{"@type":"Organization","@id":"https:\/\/autate.fr\/site\/#organization","name":"AUTATE","url":"https:\/\/autate.fr\/site\/","logo":{"@type":"ImageObject","inLanguage":"fr-FR","@id":"https:\/\/autate.fr\/site\/#\/schema\/logo\/image\/","url":"http:\/\/autate.fr\/site\/wp-content\/uploads\/2019\/01\/logo.png","contentUrl":"http:\/\/autate.fr\/site\/wp-content\/uploads\/2019\/01\/logo.png","width":506,"height":280,"caption":"AUTATE"},"image":{"@id":"https:\/\/autate.fr\/site\/#\/schema\/logo\/image\/"},"sameAs":["https:\/\/www.facebook.com\/AutateToulouse","https:\/\/x.com\/AutateToulouse"]}]}</script>
<!-- / Yoast SEO plugin. -->

Débat public : du 38 au LINEO 9 à Bonnefoy - AUTATE

Les associations du quartier Bonnefoy et d&rsquo;autres vous invitent à donner votre point de vue  autour du projet de transformation  de la ligne de bus 38 en ligne structurante de bus LINEO 9  et de l&rsquo;impact sur les  aménagements du faubourg Bonnefoy mardi 27 juin à partir de 19h Bar des Farfadet-tes en pays cathareVOIR PLUS

Évènements

Association des usagers des transports de l&#039;agglomération Toulousaine et de ses environs
