{"version":"1.0","provider_name":"AUTATE","provider_url":"https:\/\/autate.fr\/site","author_name":"pascalbarbier","author_url":"https:\/\/autate.fr\/site\/author\/pascalbarbier\/","title":"usagers : ligne 67 + probl\u00e8mes avec les poussettes - AUTATE","type":"rich","width":600,"height":338,"html":"<blockquote class=\"wp-embedded-content\" data-secret=\"kaY0ADcOwY\"><a href=\"https:\/\/autate.fr\/site\/usagers-ligne-67-problemes-avec-les-poussettes\/\">usagers : ligne 67 + probl\u00e8mes avec les poussettes<\/a><\/blockquote><iframe sandbox=\"allow-scripts\" security=\"restricted\" src=\"https:\/\/autate.fr\/site\/usagers-ligne-67-problemes-avec-les-poussettes\/embed\/#?secret=kaY0ADcOwY\" width=\"600\" height=\"338\" title=\"\u00ab\u00a0usagers : ligne 67 + probl\u00e8mes avec les poussettes\u00a0\u00bb &#8212; AUTATE\" data-secret=\"kaY0ADcOwY\" frameborder=\"0\" marginwidth=\"0\" marginheight=\"0\" scrolling=\"no\" class=\"wp-embedded-content\"><\/iframe><script type=\"text\/javascript\">\n\/* <![CDATA[ *\/\n\/*! This file is auto-generated *\/\n!function(d,l){\"use strict\";l.querySelector&&d.addEventListener&&\"undefined\"!=typeof URL&&(d.wp=d.wp||{},d.wp.receiveEmbedMessage||(d.wp.receiveEmbedMessage=function(e){var t=e.data;if((t||t.secret||t.message||t.value)&&!\/[^a-zA-Z0-9]\/.test(t.secret)){for(var s,r,n,a=l.querySelectorAll('iframe[data-secret=\"'+t.secret+'\"]'),o=l.querySelectorAll('blockquote[data-secret=\"'+t.secret+'\"]'),c=new RegExp(\"^https?:$\",\"i\"),i=0;i<o.length;i++)o[i].style.display=\"none\";for(i=0;i<a.length;i++)s=a[i],e.source===s.contentWindow&&(s.removeAttribute(\"style\"),\"height\"===t.message?(1e3<(r=parseInt(t.value,10))?r=1e3:~~r<200&&(r=200),s.height=r):\"link\"===t.message&&(r=new URL(s.getAttribute(\"src\")),n=new URL(t.value),c.test(n.protocol))&&n.host===r.host&&l.activeElement===s&&(d.top.location.href=t.value))}},d.addEventListener(\"message\",d.wp.receiveEmbedMessage,!1),l.addEventListener(\"DOMContentLoaded\",function(){for(var e,t,s=l.querySelectorAll(\"iframe.wp-embedded-content\"),r=0;r<s.length;r++)(t=(e=s[r]).getAttribute(\"data-secret\"))||(t=Math.random().toString(36).substring(2,12),e.src+=\"#?secret=\"+t,e.setAttribute(\"data-secret\",t)),e.contentWindow.postMessage({message:\"ready\",secret:t},\"*\")},!1)))}(window,document);\n\/\/# sourceURL=https:\/\/autate.fr\/site\/wp-includes\/js\/wp-embed.min.js\n\/* ]]> *\/\n<\/script>\n","description":"Bonjour, Usagers ponctuels de la ligne 67, nous avons vu votre mot sur l\u2019arr\u00eat Cabanon. Nous sommes \u00e0 la fois usagers et voisins. Nous sommes d\u00e9\u00e7us de l\u2019horaire du dernier bus en semaine et que le dimanche il n\u2019y ait rien. La mise en place pour les bus du matin du bus chenille est unVOIR PLUS"}

usagers : ligne 67 + problèmes avec les poussettes - AUTATE

<blockquote class="wp-embedded-content" data-secret="kaY0ADcOwY"><a href="https://autate.fr/site/usagers-ligne-67-problemes-avec-les-poussettes/">usagers : ligne 67 + problèmes avec les poussettes</a></blockquote><iframe sandbox="allow-scripts" security="restricted" src="https://autate.fr/site/usagers-ligne-67-problemes-avec-les-poussettes/embed/#?secret=kaY0ADcOwY" width="600" height="338" title="« usagers : ligne 67 + problèmes avec les poussettes » &#8212; AUTATE" data-secret="kaY0ADcOwY" frameborder="0" marginwidth="0" marginheight="0" scrolling="no" class="wp-embedded-content"></iframe><script type="text/javascript">
/* <![CDATA[ */
/*! This file is auto-generated */
!function(d,l){"use strict";l.querySelector&&d.addEventListener&&"undefined"!=typeof URL&&(d.wp=d.wp||{},d.wp.receiveEmbedMessage||(d.wp.receiveEmbedMessage=function(e){var t=e.data;if((t||t.secret||t.message||t.value)&&!/[^a-zA-Z0-9]/.test(t.secret)){for(var s,r,n,a=l.querySelectorAll('iframe[data-secret="'+t.secret+'"]'),o=l.querySelectorAll('blockquote[data-secret="'+t.secret+'"]'),c=new RegExp("^https?:$","i"),i=0;i<o.length;i++)o[i].style.display="none";for(i=0;i<a.length;i++)s=a[i],e.source===s.contentWindow&&(s.removeAttribute("style"),"height"===t.message?(1e3<(r=parseInt(t.value,10))?r=1e3:~~r<200&&(r=200),s.height=r):"link"===t.message&&(r=new URL(s.getAttribute("src")),n=new URL(t.value),c.test(n.protocol))&&n.host===r.host&&l.activeElement===s&&(d.top.location.href=t.value))}},d.addEventListener("message",d.wp.receiveEmbedMessage,!1),l.addEventListener("DOMContentLoaded",function(){for(var e,t,s=l.querySelectorAll("iframe.wp-embedded-content"),r=0;r<s.length;r++)(t=(e=s[r]).getAttribute("data-secret"))||(t=Math.random().toString(36).substring(2,12),e.src+="#?secret="+t,e.setAttribute("data-secret",t)),e.contentWindow.postMessage({message:"ready",secret:t},"*")},!1)))}(window,document);
//# sourceURL=https://autate.fr/site/wp-includes/js/wp-embed.min.js
/* ]]> */
</script>

Bonjour, Usagers ponctuels de la ligne 67, nous avons vu votre mot sur l’arrêt Cabanon. Nous sommes à la fois usagers et voisins. Nous sommes déçus de l’horaire du dernier bus en semaine et que le dimanche il n’y ait rien. La mise en place pour les bus du matin du bus chenille est unVOIR PLUS
