{"version":"1.0","provider_name":"AUTATE","provider_url":"https:\/\/autate.fr\/site","author_name":"pascalbarbier","author_url":"https:\/\/autate.fr\/site\/author\/pascalbarbier\/","title":"Peut-on prendre les transports en commun pendant les vacances scolaires ? - AUTATE","type":"rich","width":600,"height":338,"html":"<blockquote class=\"wp-embedded-content\" data-secret=\"f6nYfMjqGb\"><a href=\"https:\/\/autate.fr\/site\/se-deplacer-en-bus-pendant-les-vacances-scolaires\/\">Peut-on prendre les transports en commun pendant les vacances scolaires ?<\/a><\/blockquote><iframe sandbox=\"allow-scripts\" security=\"restricted\" src=\"https:\/\/autate.fr\/site\/se-deplacer-en-bus-pendant-les-vacances-scolaires\/embed\/#?secret=f6nYfMjqGb\" width=\"600\" height=\"338\" title=\"\u00ab\u00a0Peut-on prendre les transports en commun pendant les vacances scolaires ?\u00a0\u00bb &#8212; AUTATE\" data-secret=\"f6nYfMjqGb\" frameborder=\"0\" marginwidth=\"0\" marginheight=\"0\" scrolling=\"no\" class=\"wp-embedded-content\"><\/iframe><script type=\"text\/javascript\">\n\/* <![CDATA[ *\/\n\/*! This file is auto-generated *\/\n!function(d,l){\"use strict\";l.querySelector&&d.addEventListener&&\"undefined\"!=typeof URL&&(d.wp=d.wp||{},d.wp.receiveEmbedMessage||(d.wp.receiveEmbedMessage=function(e){var t=e.data;if((t||t.secret||t.message||t.value)&&!\/[^a-zA-Z0-9]\/.test(t.secret)){for(var s,r,n,a=l.querySelectorAll('iframe[data-secret=\"'+t.secret+'\"]'),o=l.querySelectorAll('blockquote[data-secret=\"'+t.secret+'\"]'),c=new RegExp(\"^https?:$\",\"i\"),i=0;i<o.length;i++)o[i].style.display=\"none\";for(i=0;i<a.length;i++)s=a[i],e.source===s.contentWindow&&(s.removeAttribute(\"style\"),\"height\"===t.message?(1e3<(r=parseInt(t.value,10))?r=1e3:~~r<200&&(r=200),s.height=r):\"link\"===t.message&&(r=new URL(s.getAttribute(\"src\")),n=new URL(t.value),c.test(n.protocol))&&n.host===r.host&&l.activeElement===s&&(d.top.location.href=t.value))}},d.addEventListener(\"message\",d.wp.receiveEmbedMessage,!1),l.addEventListener(\"DOMContentLoaded\",function(){for(var e,t,s=l.querySelectorAll(\"iframe.wp-embedded-content\"),r=0;r<s.length;r++)(t=(e=s[r]).getAttribute(\"data-secret\"))||(t=Math.random().toString(36).substring(2,12),e.src+=\"#?secret=\"+t,e.setAttribute(\"data-secret\",t)),e.contentWindow.postMessage({message:\"ready\",secret:t},\"*\")},!1)))}(window,document);\n\/\/# sourceURL=https:\/\/autate.fr\/site\/wp-includes\/js\/wp-embed.min.js\n\/* ]]> *\/\n<\/script>\n","description":"Peut-on prendre les transports en commun pendant les vacances scolaires ? je voudrais t\u00e9moigner de la difficult\u00e9 d&rsquo;utiliser le r\u00e9seau Tisseo pendant les vacances scolaires, comme si nous (les adultes, possesseurs de permis et de voitures) \u00e9tions indirectement pouss\u00e9s \u00e0 utiliser nos automobiles. Je voudrais pr\u00e9senter deux situations v\u00e9cues : &#8211; le Jeudi 27 juilletVOIR PLUS"}

Peut-on prendre les transports en commun pendant les vacances scolaires ? je voudrais témoigner de la difficulté d&rsquo;utiliser le réseau Tisseo pendant les vacances scolaires, comme si nous (les adultes, possesseurs de permis et de voitures) étions indirectement poussés à utiliser nos automobiles. Je voudrais présenter deux situations vécues : &#8211; le Jeudi 27 juilletVOIR PLUS
