{"version":"1.0","provider_name":"AUTATE","provider_url":"https:\/\/autate.fr\/site","author_name":"pascalbarbier","author_url":"https:\/\/autate.fr\/site\/author\/pascalbarbier\/","title":"[La D\u00e9p\u00eache] TGV : Barcelone ne fait pas recette - AUTATE","type":"rich","width":600,"height":338,"html":"<blockquote class=\"wp-embedded-content\" data-secret=\"a89NMFFkoe\"><a href=\"https:\/\/autate.fr\/site\/la-depeche-tgv-barcelone-ne-fait-pas-recette\/\">[La D\u00e9p\u00eache] TGV : Barcelone ne fait pas recette<\/a><\/blockquote><iframe sandbox=\"allow-scripts\" security=\"restricted\" src=\"https:\/\/autate.fr\/site\/la-depeche-tgv-barcelone-ne-fait-pas-recette\/embed\/#?secret=a89NMFFkoe\" width=\"600\" height=\"338\" title=\"\u00ab\u00a0[La D\u00e9p\u00eache] TGV : Barcelone ne fait pas recette\u00a0\u00bb &#8212; AUTATE\" data-secret=\"a89NMFFkoe\" frameborder=\"0\" marginwidth=\"0\" marginheight=\"0\" scrolling=\"no\" class=\"wp-embedded-content\"><\/iframe><script type=\"text\/javascript\">\n\/* <![CDATA[ *\/\n\/*! This file is auto-generated *\/\n!function(d,l){\"use strict\";l.querySelector&&d.addEventListener&&\"undefined\"!=typeof URL&&(d.wp=d.wp||{},d.wp.receiveEmbedMessage||(d.wp.receiveEmbedMessage=function(e){var t=e.data;if((t||t.secret||t.message||t.value)&&!\/[^a-zA-Z0-9]\/.test(t.secret)){for(var s,r,n,a=l.querySelectorAll('iframe[data-secret=\"'+t.secret+'\"]'),o=l.querySelectorAll('blockquote[data-secret=\"'+t.secret+'\"]'),c=new RegExp(\"^https?:$\",\"i\"),i=0;i<o.length;i++)o[i].style.display=\"none\";for(i=0;i<a.length;i++)s=a[i],e.source===s.contentWindow&&(s.removeAttribute(\"style\"),\"height\"===t.message?(1e3<(r=parseInt(t.value,10))?r=1e3:~~r<200&&(r=200),s.height=r):\"link\"===t.message&&(r=new URL(s.getAttribute(\"src\")),n=new URL(t.value),c.test(n.protocol))&&n.host===r.host&&l.activeElement===s&&(d.top.location.href=t.value))}},d.addEventListener(\"message\",d.wp.receiveEmbedMessage,!1),l.addEventListener(\"DOMContentLoaded\",function(){for(var e,t,s=l.querySelectorAll(\"iframe.wp-embedded-content\"),r=0;r<s.length;r++)(t=(e=s[r]).getAttribute(\"data-secret\"))||(t=Math.random().toString(36).substring(2,12),e.src+=\"#?secret=\"+t,e.setAttribute(\"data-secret\",t)),e.contentWindow.postMessage({message:\"ready\",secret:t},\"*\")},!1)))}(window,document);\n\/\/# sourceURL=https:\/\/autate.fr\/site\/wp-includes\/js\/wp-embed.min.js\n\/* ]]> *\/\n<\/script>\n","description":"Apr\u00e8s un an et neuf mois d&rsquo;exp\u00e9rimentation, le TGV direct Toulouse-Barcelone, a \u00e9t\u00e9 suspendu discr\u00e8tement \u00e0 l&rsquo;arriv\u00e9e de l&rsquo;automne dernier. Lanc\u00e9e fin 2013 et assur\u00e9e par un train \u00e0 grande vitesse de la Renfe, \u00e0 la livr\u00e9e blanche et au long nez aplati, la liaison avait pourtant s\u00e9duit pas mal de Toulousains attir\u00e9s par unVOIR PLUS"}

[La Dépêche] TGV : Barcelone ne fait pas recette - AUTATE

<blockquote class="wp-embedded-content" data-secret="a89NMFFkoe"><a href="https://autate.fr/site/la-depeche-tgv-barcelone-ne-fait-pas-recette/">[La Dépêche] TGV : Barcelone ne fait pas recette</a></blockquote><iframe sandbox="allow-scripts" security="restricted" src="https://autate.fr/site/la-depeche-tgv-barcelone-ne-fait-pas-recette/embed/#?secret=a89NMFFkoe" width="600" height="338" title="« [La Dépêche] TGV : Barcelone ne fait pas recette » &#8212; AUTATE" data-secret="a89NMFFkoe" frameborder="0" marginwidth="0" marginheight="0" scrolling="no" class="wp-embedded-content"></iframe><script type="text/javascript">
/* <![CDATA[ */
/*! This file is auto-generated */
!function(d,l){"use strict";l.querySelector&&d.addEventListener&&"undefined"!=typeof URL&&(d.wp=d.wp||{},d.wp.receiveEmbedMessage||(d.wp.receiveEmbedMessage=function(e){var t=e.data;if((t||t.secret||t.message||t.value)&&!/[^a-zA-Z0-9]/.test(t.secret)){for(var s,r,n,a=l.querySelectorAll('iframe[data-secret="'+t.secret+'"]'),o=l.querySelectorAll('blockquote[data-secret="'+t.secret+'"]'),c=new RegExp("^https?:$","i"),i=0;i<o.length;i++)o[i].style.display="none";for(i=0;i<a.length;i++)s=a[i],e.source===s.contentWindow&&(s.removeAttribute("style"),"height"===t.message?(1e3<(r=parseInt(t.value,10))?r=1e3:~~r<200&&(r=200),s.height=r):"link"===t.message&&(r=new URL(s.getAttribute("src")),n=new URL(t.value),c.test(n.protocol))&&n.host===r.host&&l.activeElement===s&&(d.top.location.href=t.value))}},d.addEventListener("message",d.wp.receiveEmbedMessage,!1),l.addEventListener("DOMContentLoaded",function(){for(var e,t,s=l.querySelectorAll("iframe.wp-embedded-content"),r=0;r<s.length;r++)(t=(e=s[r]).getAttribute("data-secret"))||(t=Math.random().toString(36).substring(2,12),e.src+="#?secret="+t,e.setAttribute("data-secret",t)),e.contentWindow.postMessage({message:"ready",secret:t},"*")},!1)))}(window,document);
//# sourceURL=https://autate.fr/site/wp-includes/js/wp-embed.min.js
/* ]]> */
</script>

Après un an et neuf mois d&rsquo;expérimentation, le TGV direct Toulouse-Barcelone, a été suspendu discrètement à l&rsquo;arrivée de l&rsquo;automne dernier. Lancée fin 2013 et assurée par un train à grande vitesse de la Renfe, à la livrée blanche et au long nez aplati, la liaison avait pourtant séduit pas mal de Toulousains attirés par unVOIR PLUS
