{"version":"1.0","provider_name":"AUTATE","provider_url":"https:\/\/autate.fr\/site","author_name":"pascalbarbier","author_url":"https:\/\/autate.fr\/site\/author\/pascalbarbier\/","title":"[La D\u00e9p\u00eache] Bus, m\u00e9tro, tram : ces quartiers oubli\u00e9s - AUTATE","type":"rich","width":600,"height":338,"html":"<blockquote class=\"wp-embedded-content\" data-secret=\"f4nMm6XbVU\"><a href=\"https:\/\/autate.fr\/site\/la-depeche-bus-metro-tram-ces-quartiers-oublies\/\">[La D\u00e9p\u00eache] Bus, m\u00e9tro, tram : ces quartiers oubli\u00e9s<\/a><\/blockquote><iframe sandbox=\"allow-scripts\" security=\"restricted\" src=\"https:\/\/autate.fr\/site\/la-depeche-bus-metro-tram-ces-quartiers-oublies\/embed\/#?secret=f4nMm6XbVU\" width=\"600\" height=\"338\" title=\"\u00ab\u00a0[La D\u00e9p\u00eache] Bus, m\u00e9tro, tram : ces quartiers oubli\u00e9s\u00a0\u00bb &#8212; AUTATE\" data-secret=\"f4nMm6XbVU\" frameborder=\"0\" marginwidth=\"0\" marginheight=\"0\" scrolling=\"no\" class=\"wp-embedded-content\"><\/iframe><script type=\"text\/javascript\">\n\/* <![CDATA[ *\/\n\/*! This file is auto-generated *\/\n!function(d,l){\"use strict\";l.querySelector&&d.addEventListener&&\"undefined\"!=typeof URL&&(d.wp=d.wp||{},d.wp.receiveEmbedMessage||(d.wp.receiveEmbedMessage=function(e){var t=e.data;if((t||t.secret||t.message||t.value)&&!\/[^a-zA-Z0-9]\/.test(t.secret)){for(var s,r,n,a=l.querySelectorAll('iframe[data-secret=\"'+t.secret+'\"]'),o=l.querySelectorAll('blockquote[data-secret=\"'+t.secret+'\"]'),c=new RegExp(\"^https?:$\",\"i\"),i=0;i<o.length;i++)o[i].style.display=\"none\";for(i=0;i<a.length;i++)s=a[i],e.source===s.contentWindow&&(s.removeAttribute(\"style\"),\"height\"===t.message?(1e3<(r=parseInt(t.value,10))?r=1e3:~~r<200&&(r=200),s.height=r):\"link\"===t.message&&(r=new URL(s.getAttribute(\"src\")),n=new URL(t.value),c.test(n.protocol))&&n.host===r.host&&l.activeElement===s&&(d.top.location.href=t.value))}},d.addEventListener(\"message\",d.wp.receiveEmbedMessage,!1),l.addEventListener(\"DOMContentLoaded\",function(){for(var e,t,s=l.querySelectorAll(\"iframe.wp-embedded-content\"),r=0;r<s.length;r++)(t=(e=s[r]).getAttribute(\"data-secret\"))||(t=Math.random().toString(36).substring(2,12),e.src+=\"#?secret=\"+t,e.setAttribute(\"data-secret\",t)),e.contentWindow.postMessage({message:\"ready\",secret:t},\"*\")},!1)))}(window,document);\n\/\/# sourceURL=https:\/\/autate.fr\/site\/wp-includes\/js\/wp-embed.min.js\n\/* ]]> *\/\n<\/script>\n","thumbnail_url":"https:\/\/autate.fr\/site\/wp-content\/uploads\/2016\/02\/lineo.jpg","thumbnail_width":396,"thumbnail_height":466,"description":"Des quartiers toulousains et des banlieues se plaignent d&rsquo;\u00eatre d\u00e9laiss\u00e9s par Tiss\u00e9o, faute de m\u00e9tro ou de tram, voire de bus, \u00e0 proximit\u00e9. Les futurs Lin\u00e9o doivent rendre les bus plus efficaces. \u00abJe voulais vous signaler la suppression de quatre arr\u00eats de bus sur la ligne 15 (Jeanne-D&rsquo;Arc\/avenue des Etats-Unis)\u00bb. Voici un exemple des diversVOIR PLUS"}

[La Dépêche] Bus, métro, tram : ces quartiers oubliés - AUTATE

<blockquote class="wp-embedded-content" data-secret="f4nMm6XbVU"><a href="https://autate.fr/site/la-depeche-bus-metro-tram-ces-quartiers-oublies/">[La Dépêche] Bus, métro, tram : ces quartiers oubliés</a></blockquote><iframe sandbox="allow-scripts" security="restricted" src="https://autate.fr/site/la-depeche-bus-metro-tram-ces-quartiers-oublies/embed/#?secret=f4nMm6XbVU" width="600" height="338" title="« [La Dépêche] Bus, métro, tram : ces quartiers oubliés » &#8212; AUTATE" data-secret="f4nMm6XbVU" frameborder="0" marginwidth="0" marginheight="0" scrolling="no" class="wp-embedded-content"></iframe><script type="text/javascript">
/* <![CDATA[ */
/*! This file is auto-generated */
!function(d,l){"use strict";l.querySelector&&d.addEventListener&&"undefined"!=typeof URL&&(d.wp=d.wp||{},d.wp.receiveEmbedMessage||(d.wp.receiveEmbedMessage=function(e){var t=e.data;if((t||t.secret||t.message||t.value)&&!/[^a-zA-Z0-9]/.test(t.secret)){for(var s,r,n,a=l.querySelectorAll('iframe[data-secret="'+t.secret+'"]'),o=l.querySelectorAll('blockquote[data-secret="'+t.secret+'"]'),c=new RegExp("^https?:$","i"),i=0;i<o.length;i++)o[i].style.display="none";for(i=0;i<a.length;i++)s=a[i],e.source===s.contentWindow&&(s.removeAttribute("style"),"height"===t.message?(1e3<(r=parseInt(t.value,10))?r=1e3:~~r<200&&(r=200),s.height=r):"link"===t.message&&(r=new URL(s.getAttribute("src")),n=new URL(t.value),c.test(n.protocol))&&n.host===r.host&&l.activeElement===s&&(d.top.location.href=t.value))}},d.addEventListener("message",d.wp.receiveEmbedMessage,!1),l.addEventListener("DOMContentLoaded",function(){for(var e,t,s=l.querySelectorAll("iframe.wp-embedded-content"),r=0;r<s.length;r++)(t=(e=s[r]).getAttribute("data-secret"))||(t=Math.random().toString(36).substring(2,12),e.src+="#?secret="+t,e.setAttribute("data-secret",t)),e.contentWindow.postMessage({message:"ready",secret:t},"*")},!1)))}(window,document);
//# sourceURL=https://autate.fr/site/wp-includes/js/wp-embed.min.js
/* ]]> */
</script>

Des quartiers toulousains et des banlieues se plaignent d&rsquo;être délaissés par Tisséo, faute de métro ou de tram, voire de bus, à proximité. Les futurs Linéo doivent rendre les bus plus efficaces. «Je voulais vous signaler la suppression de quatre arrêts de bus sur la ligne 15 (Jeanne-D&rsquo;Arc/avenue des Etats-Unis)». Voici un exemple des diversVOIR PLUS
